units digit of o?
3
Let o be 1 + 1/(2/(-30)). Let q = o + 23. What is the units digit of q?
9
Let u = 0 + 4. Let q be ((-2)/u)/((-1)/84). Suppose 4*j - 4 = 5*z, -4*z + q = 5*j - z. What is the units digit of j?
6
Let d be 76/(-8) - (-1)/2. Let x = 15 + d. Suppose -4*n = -x - 14. What is the units digit of n?
5
Let a be (-7)/6*-2*3. Let l = a - -8. What is the units digit of l?
5
Let w(t) = -11*t + 2. Let b be w(1). Let o = b - -25. What is the tens digit of o?
1
Let o be 0 + 6 + -3 - 18. Let k = o - -26. What is the tens digit of k?
1
Suppose -12 = -5*a + 2*a, 3*p = a + 257. What is the tens digit of p?
8
Let o = 4 + 0. Suppose 2*j + 28 = o*j. What is the tens digit of j?
1
Let b be (-21)/3*1 - -3. Let y = 8 - b. What is the tens digit of y?
1
Let z(t) = t**2 + 5*t - 9. Let o be z(-7). Suppose 5*l = 2*u - 31, -u - 4 = o*l + 3. What is the units digit of u?
8
Suppose 1 = -l + 4. What is the units digit of l?
3
Let d(z) be the second derivative of z**7/840 + z**6/90 + z**5/40 + z**3/3 + z. Let q(g) be the second derivative of d(g). What is the units digit of q(-2)?
2
Suppose -4*r + 8 = 0, -5*r + 805 = -0*j + 5*j. What is the tens digit of j?
5
Suppose 0*h = -4*h + 36. Let p(z) = 3*z - 8. What is the tens digit of p(h)?
1
Let q be -2 - (-12 + (-5 - -1)). Suppose c = 17 + q. What is the units digit of c?
1
Let b(h) = -2 - h - 1 - 2*h. Let z be b(-2). Suppose a - 12 = -z. What is the units digit of a?
9
Suppose -4*o + 8 = -3*o. What is the units digit of o?
8
Suppose 6*a - 3808 = -8*a. What is the hundreds digit of a?
2
Let q(s) = -s - 2. Let a be q(-7). Let z be ((-6)/a)/(18/(-60)). Let m(w) = -w**3 + 5*w**2 - 2*w + 3. What is the tens digit of m(z)?
1
Let g = -9 + 11. Let x = 0 - g. What is the units digit of ((-15)/(-20))/(x/(-16))?
6
Suppose 4*s = s. Suppose s = -q - 2*a - 19, 4*q = 5*a - 123 + 8. What is the units digit of ((-2)/5)/(1/q)?
0
Let j(o) = 4*o + 2. Let a be j(3). Suppose m - 3*m + a = 0. What is the units digit of m?
7
Let p = -7 - -2. Suppose -6*d = -11*d - 5. Let c = d - p. What is the units digit of c?
4
Let j(a) = -a**3 - 9*a**2 - 7*a + 10. Let y be j(-8). Let p = 8 - y. Let h(o) = o**3 - 6*o**2 + 2*o + 1. What is the tens digit of h(p)?
1
Let d be (-14)/21*30/4. Let r(y) = -3*y - 5. Let f be r(4). Let q = d - f. What is the units digit of q?
2
Suppose -3*c - 21 = -5*o, -5*o + 0*o - 3*c + 39 = 0. Let y = o + -2. What is the units digit of y?
4
Suppose -1072 = -5*f - 4*d, -6 = -d - d. What is the hundreds digit of f?
2
Let t(f) = f + 7. Let n be t(-7). Let r be n/(0 - 1 - 1). Suppose 5*v - y - 50 = 0, 3*y + y = r. What is the tens digit of v?
1
What is the units digit of (-95)/(-19) - (-1 - 0)?
6
Suppose 3 = -2*v - 3. Let k(b) = b**3 + 2*b**2 - b + 3. Let n be k(v). Let w = n + 8. What is the units digit of w?
5
Let t(y) = -y**2 - y + 4. Let u be t(-3). What is the units digit of 2/u - 12/(-1)?
1
Let t be -2 + 5 - 0 - 4. Let c = 39 + t. Suppose c = 4*h - 14. What is the tens digit of h?
1
Let l = 25 - -16. What is the tens digit of l?
4
Let s(u) = u + 2. Let m be s(-4). Let i be (3/6)/(m/8). Let c = i - -10. What is the units digit of c?
8
Let h = 0 - 2. Let z be 3/12 + 5/((-40)/(-14)). What is the units digit of (z/(-3))/(h/42)?
4
Let q(c) = 2*c**2 - 24*c + 12. What is the units digit of q(13)?
8
Let f = -4 + 2. Let t = f + 5. Suppose -7 - 20 = -t*n. What is the units digit of n?
9
Let m(b) = -b**3 - 2*b - 4. What is the units digit of m(-3)?
9
What is the tens digit of (-3)/(-5) + 1/((-15)/(-3066))?
0
Let u(s) = 4*s**2 + s + 1. Let n be u(-1). Suppose -2*h - 4 = 0, -h + 18 = n*a - 0*a. What is the units digit of a?
5
Let l = -16 - -19. Suppose l*c = 6*c - 57. What is the tens digit of c?
1
What is the units digit of (-1 - (1 + -1))*-5?
5
Let b = -4 + -1. Let p(n) = -4*n - 1. What is the tens digit of p(b)?
1
Suppose 2 = -3*h + 5*h. Let l be (-3 - (0 + 1))/(-2). Let a = l + h. What is the units digit of a?
3
Let n = 428 + -189. What is the hundreds digit of n?
2
Suppose -z - 2 = q, z - 14 = -2*q + 5*z. Let b(x) = 38*x + 1. What is the tens digit of b(q)?
3
Let w = -90 + 146. What is the tens digit of w?
5
Let n(t) = t + 2. Let f(j) = -j + 7. Let d(a) = 3*a - 20. Let r(y) = -6*d(y) - 17*f(y). Let v be r(2). What is the units digit of n(v)?
1
Suppose -4*x + g + 121 = 0, 4*x + 4*g + 26 = 122. Let t = -15 + x. What is the units digit of t?
4
Suppose 7*s + 30 = 8*s. What is the tens digit of s?
3
Suppose -1 = 3*u + 2. Let k be 21*(-2)/(2/u). Let s = 35 - k. What is the units digit of s?
4
What is the units digit of ((-220)/6)/(-2)*(-21)/(-7)?
5
Let c = -12 + 16. Suppose 4*r + 4 = 0, f - 3*r - 9 = -c*r. What is the units digit of f?
0
Let v = -11 - 69. What is the units digit of v/3*(-15)/10?
0
Suppose 4*n - 55 = -4*o + 77, -2*o - 108 = -4*n. What is the units digit of n?
9
Suppose 2*d = -28 - 4. Let z = d - -24. What is the units digit of z?
8
Let s(t) = t + 8. Let w be s(-6). Let q(z) be the third derivative of -z**5/60 + z**4/6 - z**3/6 + 25*z**2. What is the units digit of q(w)?
3
Let z be 2*5/(5/(-2)). What is the units digit of (z/10)/(6/(-150))?
0
Suppose 0 = 2*w - 10, 5*b - 50 = 2*w - 0*w. Suppose 5*h - 4*z + 4 = -14, 0 = -5*h + z - b. What is the units digit of ((-14)/4)/(h/4)?
7
Let l(q) = 3*q**3 - 27*q**2 + 23. Let h(a) = -2 - 1 - 4*a**2 - 5 - a**3 + 13*a**2. Let s(m) = 8*h(m) + 3*l(m). What is the units digit of s(9)?
5
Suppose -2*m + 266 = 14. What is the hundreds digit of m?
1
What is the tens digit of ((-1763)/(-82))/(-1 + 13/12)?
5
Let d(c) = c**2 - 8*c + 9. Let z be d(7). Suppose -9 = -z*j + 33. Suppose 3*w - 2*w = j. What is the units digit of w?
1
Let l(r) = 18*r**3 - r**2 + 1. Suppose 3*x - 4*x + 1 = 0. Let f be l(x). What is the units digit of f/(-5)*20/(-8)?
9
Let h = 33 + -32. Suppose 6 = -2*d + 4*d. What is the units digit of d + (-1 - h) + 4?
5
Let i = 18 + 14. What is the units digit of i?
2
Let u(i) = -i**3 + 9*i**2 - 8*i + 8. What is the units digit of u(6)?
8
Let v(f) = -3*f**2. Let d be v(-3). What is the units digit of d/3*(-1)/3?
3
Let z = 20 + 17. What is the units digit of z?
7
Suppose -2*x - 2*g = 0, -4*x + 5*g + 0*g = -27. Suppose b = x*t + 33, b + 4*t = 2*b - 35. What is the tens digit of b?
2
Let w(a) = -a**3 + 10*a**2 - 6*a. Let f be w(6). Suppose 2*j + 52 = s + s, -4*s = -3*j - f. Suppose -2*d = d - s. What is the tens digit of d?
1
Suppose 0*s - 30 = -2*s. Suppose 0*i + s = 5*i. What is the units digit of i?
3
Let b(g) = -7*g**3 - 1. Suppose 0 = 4*w - 14 - 6. Suppose s + w*x = 4*s + 3, 2*x = -4*s - 4. What is the units digit of b(s)?
6
Suppose 8 + 74 = 2*z. What is the tens digit of z?
4
Suppose -5*r - 5*i = -2*i, -3*i = -r. Let h be (7/(-4))/(2/8). What is the units digit of (2/(-2) - r)*h?
7
Let s = -119 + -154. What is the units digit of (s/6)/(-7)*2?
3
Suppose a + 3 = 6. Suppose -2*o - 2*o = 8, 3*o + a = -3*f. What is the units digit of f?
1
What is the tens digit of 6/14 + (-890)/(-14)?
6
Let m(a) = 3*a**2 + 2*a. What is the tens digit of m(3)?
3
Let y be 9/(-27) + 1/3. Suppose -2*c = 5*v - 7*c - 145, v + 4*c - 14 = y. What is the units digit of v?
6
Let m(p) = p**2 + 8*p + 8. Let g be m(-5). Let a(h) = -2*h - 4. Let l be a(3). Let n = g - l. What is the units digit of n?
3
Suppose -2*m + 65 = -f, -m - 80 = -3*m - 4*f. What is the tens digit of m?
3
Let x = -36 - -80. What is the tens digit of x?
4
Let w(t) be the first derivative of 5*t**2/2 + 1. Let h be w(1). What is the units digit of (-7 - 3)*(-2)/h?
4
Suppose 4*p = 3*p + 9. What is the units digit of p?
9
Let f be 8/36 + (-88)/(-9). Let o = -2 + f. What is the units digit of o?
8
Let t = 5 + -1. Let s = t + -1. What is the units digit of s?
3
Suppose -5*o + 3 = -4*x, 0 = 2*o + 5*x - 24 + 3. Suppose o*w + 0 = 6. Suppose 0 = -4*z + w*z + 18. What is the units digit of z?
9
What is the units digit of (-3)/(1 + 76/(-72))?
4
Let w(s) = -s**3 + s**2 - 1. Let p be w(1). What is the units digit of (p - 0) + (12 - 7)?
4
Suppose 0 = 5*u - 7 - 3. Let t be ((-2)/5)/(u/(-20)). Suppose -2*g - t = -8. What is the units digit of g?
2
Suppose -3*f + 2*f = -2. What is the units digit of f?
2
Suppose -2*y - 2*r = -216, 5*y - 2*r - 411 = 101. What is the units digit of (y/(-16))/((-2)/4)?
3
Let z = 3 - -4. Let h(v) be the first derivative of -v**4